325051
In base 15, what is 2 + ae78d9d?
ae78da0
In base 4, what is 131121 - -10321?
202102
In base 9, what is -54802 - -11466?
-43325
In base 4, what is 2331 - 233221312?
-233212321
In base 12, what is -4 + 508b15b?
508b157
In base 15, what is e7 + 3ea2?
4099
In base 8, what is -65771 - -56?
-65713
In base 5, what is 100104031211 - 3?
100104031203
In base 7, what is 30 + -16126150?
-16126120
In base 14, what is -8892 - -190?
-8702
In base 15, what is -1ee9 + -2c50?
-4c49
In base 3, what is 2212 - -212211011200?
212211021112
In base 10, what is 135407 + 2?
135409
In base 10, what is -131 + 955849?
955718
In base 9, what is 17602 + -11355?
6236
In base 15, what is ee44 - 3e?
ee05
In base 5, what is 32233 - -202420?
240203
In base 12, what is 368 - 19185?
-18a19
In base 13, what is 963 + -72219?
-71586
In base 3, what is 12201 - 1102211101012?
-1102211011111
In base 5, what is 11322100332 + -12?
11322100320
In base 13, what is 6405 + 2b5?
66ba
In base 11, what is 364331 + -6?
364326
In base 3, what is -2010010 + -200002021?
-202012101
In base 2, what is -11010000000010000001 - 11011001?
-11010000000101011010
In base 2, what is -11000111101011000100011101 - -11?
-11000111101011000100011010
In base 5, what is 101442302303 - 3?
101442302300
In base 12, what is -a - 2788091?
-278809b
In base 4, what is 1213201000 - 322?
1213200012
In base 13, what is 699b0a4 - 2?
699b0a2
In base 16, what is a + -94a40?
-94a36
In base 11, what is -822761 + 0?
-822761
In base 5, what is 112031400 + -2231?
112024114
In base 12, what is -32bba8 - 2?
-32bbaa
In base 13, what is 2b - -3567a6?
356804
In base 14, what is -1 - -24b8217?
24b8216
In base 5, what is -10 - 42441040120?
-42441040130
In base 13, what is 6c - 15909?
-1586a
In base 5, what is -4330 + 1300242?
1240412
In base 10, what is 3491332 - -23?
3491355
In base 2, what is 1 - 1100110010000100111100?
-1100110010000100111011
In base 16, what is a50d2eb + 6?
a50d2f1
In base 14, what is 9 + 8d71b1?
8d71ba
In base 5, what is -3 + 213110314221?
213110314213
In base 16, what is -f65 + -6?
-f6b
In base 5, what is -4140402 + -131401?
-4322303
In base 7, what is 550131030 + 4?
550131034
In base 7, what is 1243 + 14533054?
14534330
In base 4, what is 2 - -22310231133?
22310231201
In base 15, what is 48 + c5ab4?
c5b0c
In base 13, what is 6 - -1cb476c?
1cb4775
In base 11, what is 196 + -25a35?
-2584a
In base 2, what is 100100 + 100100110100100111101?
100100110100101100001
In base 14, what is 9a2 - 3a8?
5d8
In base 16, what is -214d4a - 4?
-214d4e
In base 15, what is -d56 + -2b?
-d82
In base 4, what is 2032012233 - 200?
2032012033
In base 11, what is -450a189 + 5?
-450a184
In base 14, what is 4 + -228c177?
-228c173
In base 7, what is 3 - -134535462?
134535465
In base 7, what is -50 + 1030135?
1030055
In base 5, what is 3 - -410030022?
410030030
In base 3, what is -11020211212210 - 1000?
-11020211220210
In base 11, what is 2545 - -1a5?
273a
In base 10, what is 1917 - 8457?
-6540
In base 2, what is -1110111000110011010 - -1010100001?
-1110110111011111001
In base 4, what is 2030 + -112330120?
-112322030
In base 12, what is -5 - -3522935?
3522930
In base 7, what is 106242 - 162?
106050
In base 10, what is -7 + -37388710?
-37388717
In base 2, what is -1001001011011101111 - 111011?
-1001001011100101010
In base 4, what is -1033331300032 + -11?
-1033331300103
In base 15, what is -68 + 5c94d?
5c8d5
In base 16, what is -d9 - -95f07?
95e2e
In base 12, what is -2 - -4286b3?
4286b1
In base 6, what is -101 + -1425250?
-1425351
In base 7, what is -3425 - 120441?
-124166
In base 15, what is 5076c1a - 0?
5076c1a
In base 12, what is -60a3221 + -4?
-60a3225
In base 4, what is -123 + -110303200231?
-110303201020
In base 4, what is 200013 + 20213000?
21013013
In base 12, what is 1 + -6369347?
-6369346
In base 6, what is -135325 - 3045?
-142414
In base 4, what is -202323 + 12120?
-130203
In base 13, what is 1 + 34a242?
34a243
In base 5, what is -12201002000 - -321?
-12201001124
In base 16, what is -a63 + -5629?
-608c
In base 5, what is -13404 + -23330131?
-23344040
In base 5, what is 1324 - 1120432?
-1114103
In base 16, what is -4 - 3be9fb?
-3be9ff
In base 13, what is 4 - 1005c41?
-1005c3a
In base 11, what is -93 - -29a0?
2908
In base 11, what is -525 - -8211?
7797
In base 7, what is 1452102 - 3325?
1445444
In base 8, what is 105164626 + 1?
105164627
In base 15, what is -1243 + 5037?
3ce4
In base 6, what is -342 - 2152?
-2534
In base 11, what is -12 - 175a6a?
-175a81
In base 3, what is -220 + -10111021001?
-10111021221
In base 13, what is 19016 - -124?
1913a
In base 8, what is 5 - -1240506346?
1240506353
In base 7, what is 435 - -1024553?
1025321
In base 7, what is -14366412405 - 1?
-14366412406
In base 15, what is -a3 + 42615?
42562
In base 9, what is -12241 - 6072?
-18323
In base 15, what is 5a - 1b049?
-1aede
In base 7, what is 3 - -2341114?
2341120
In base 12, what is 0 + 68baa878?
68baa878
In base 3, what is -1001021011120 + 210011?
-1001020101102
In base 7, what is 450 + 1332056?
1332536
In base 16, what is -5640 + -156?
-5796
In base 4, what is -222100332002 + 10?
-222100331332
In base 4, what is -23 - 1030233323?
-1030300012
In base 3, what is 201 - -121202210020?
121202210221
In base 11, what is 131320 - -5a?
13137a
In base 6, what is 50333055 + -51?
50333004
In base 15, what is -7ea + -4b0b?
-5406
In base 2, what is 11011000110010000 + -11?
11011000110001101
In base 11, what is -459748 - 22?
-45976a
In base 8, what is 1421210452 - 3?
1421210447
In base 12, what is -28035 + 2a8?
-27949
In base 14, what is -22adb76 - 1?
-22adb77
In base 14, what is 83 - -15654?
156d7
In base 9, what is -56158463 + 2?
-56158461
In base 5, what is -1 - 1412322213?
-1412322214
In base 9, what is 2305826 - 10?
2305816
In base 6, what is 340 - 155211025?
-155210245
In base 6, what is 4 - 2004401404?
-2004401400
In base 14, what is -194b7 + -cb?
-195a4
In base 9, what is -48743652 + 6?
-48743645
In base 8, what is 160616 + -6376?
152220
In base 3, what is 20 - -21212122211121?
21212122211211
In base 2, what is 101011011011010011101110100011 - -11?
101011011011010011101110100110
In base 4, what is 311 - 103300002002?
-103300001031
In base 14, what is -11206 + 117?
-110cd
In base 15, what is 2aec6 - -c85?
2bc5b
In base 8, what is 1043 + -4171302?
-4170237
In base 11, what is 72a2251 - -3?
72a2254
In base 3, what is -10121 - 10022101011022?
-10022101021220
In base 5, what is -3 + 134311141420?
134311141412
In base 2, what is -100011100000100100 - -111100?
-100011011111101000
In base 2, what is -10010101001011000010 - 100?
-10010101001011000110
In base 16, what is 5f9d64 - 1?
5f9d63
In base 8, what is -25512651 + 5?
-25512644
In base 5, what is -14121 - 3323134?
-3342310
In base 11, what is -17689a8 - 4?
-1768a01
In base 2, what is 110011011001010100 + -1000100?
110011011000010000
In base 2, what is -1101101000000000 + 1011010101100?
-1100001101010100
In base 2, what is -100101010 + -111100101110111010001?
-111100101111011111011
In base 13, what is -9 + -191600?
-191609
In base 12, what is -84 - -97a5a?
97996
In base 14, what is 4 + -4b2b93?
-4b2b8d
In base 13, what is 2b6c5457 + -3?
2b6c5454
In base 13, what is -2c854 - -9c?
-2c785
In base 6, what is 12413 - 20143?
-3330
In base 6, what is -4 + -4055322145?
-4055322153
In base 5, what is -3 - -3220042434?
3220042431
In base 2, what is 1011101101001001 + 1100000110?
1011111001001111
In base 13, what is 6 + 260642a?
2606433
In base 13, what is 5c85b1 + -3a?
5c8574
In base 5, what is -30 - 1224203102?
-1224203132
In base 14, what is 2b98 + 11?
2ba9
In base 9, what is 106563308 + -4?
106563304
In base 16, what is -3fb2 - 42?
-3ff4
In base 14, what is 1a470cc - -3?
1a470d1
In base 13, what is 5bac + b81?
6a60
In base 6, what is -2 + 52544412?
52544410
In base 2, what is 1101 - -10010110011110111?
10010110100000100
In base 13, what is -15 + 5463a8?
546393
In base 5, what is 23414122 + 30234?
23444411
In base 16, what is -57b3 - -4b7?
-52fc
In base 5, what is -310 + -13122234?
-13123044
In base 15, what is 82 + -aba71?
-ab9de
In base 4, what is 10300031220 + -300?
10300030320
In base 5, what is -30 - 111404120431?
-111404121011
In base 16, what is 2 - fb04?
-fb02
In base 3, what is -121120121221102 + -2210?
-1211201